3
Suppose -4*n = -3*n + 4. List the prime factors of ((-6)/n)/((-12)/(-32)).
2
Suppose -l = l. Let o = l - -13. What are the prime factors of o?
13
List the prime factors of 16 - 11/(11/(-6)).
2, 11
Let s(l) = -l + 4. Let k be s(10). Let g(j) = -j - 8. Let z be g(k). What are the prime factors of (z + 9/(-6))*-2?
7
Suppose 4*l - 319 = -0*r + r, 316 = 4*l - 4*r. What are the prime factors of l?
2, 5
Let p = -10 + 51. What are the prime factors of p?
41
Suppose 2*n = -2*n + 4, u + n + 2 = 0. Let s(i) = -i**3 - 3*i**2 + 2. Let b be s(u). Suppose 4*c + 2*j = 2, 2*c + b*j + 5 = -j. List the prime factors of c.
2
Let a(z) = -9*z**2 + 320. List the prime factors of a(0).
2, 5
Let c = -7 - -11. Let a(s) = -s**3 + 8*s**2 + 5*s - 4. Let v be a(c). Suppose -h + 3*l = -2*h, 4*h - v = 4*l. List the prime factors of h.
3, 5
List the prime factors of (-8)/18 - (-3940)/36.
109
Let a(n) = -5*n + 1. Let g(o) = -4*o. Let r(z) = 5*a(z) - 6*g(z). Let l be 27/(-5) + 4/10. What are the prime factors of r(l)?
2, 5
Let p be -2 - (-1 + 0)*2. Let u(j) = j**3 - j**2 + 2. List the prime factors of u(p).
2
Let n(s) = 27*s**2 + 2*s - 25. List the prime factors of n(4).
5, 83
Let k(m) = 5*m - 3. Suppose -s = -4*s + 15. Let p = -2 + s. List the prime factors of k(p).
2, 3
What are the prime factors of (-806)/(-10) + -3*6/(-45)?
3
Suppose v - 3*v - a = -104, 2*a - 104 = -2*v. What are the prime factors of v?
2, 13
Let l(j) = 10*j - 2. Let d be l(7). Suppose 0*w = 3*w - v - 38, -d = -4*w - 3*v. List the prime factors of w.
2, 7
Let s = 8 + -14. Let l be 33/s*(-1 - -3). Let t = l - -22. List the prime factors of t.
11
Let r(q) = 3*q**2 + 14*q - 37. List the prime factors of r(10).
13, 31
Let a = -5 - 32. Let u = -24 - a. List the prime factors of -2 + (u - 2) - -2.
11
Let k(j) = j**2 + 12*j + 3. Suppose -3*r = -2*r + 5*t + 2, 0 = -5*r - t - 58. List the prime factors of k(r).
3
Suppose 3*l - 7 = 23. What are the prime factors of (2 + l/(-4))*-12?
2, 3
Let k = 7 - 2. Let c be 0/(-1) + -4 + k. Let w(v) = 2*v + 1. What are the prime factors of w(c)?
3
Suppose 3*d + 2*d = 10. Suppose -9 = -h + 5*g + 9, -d*g - 3 = h. What are the prime factors of h?
3
Let a(r) = 8*r**2 + r - 6. Let m(o) = 8*o**2 + o - 7. Let x(s) = 5*a(s) - 4*m(s). List the prime factors of x(2).
2
Suppose 0 = i - 3, 7*u - 3*u + 5*i - 27 = 0. Let l = u - 0. Suppose 4*y - 3*y + 2*f = -4, -4*y = -l*f - 17. List the prime factors of y.
2
Suppose 5*z - 53 - 7 = 0. What are the prime factors of z?
2, 3
Let l = -27 + 48. What are the prime factors of l?
3, 7
Suppose -3*j = j - 8. Suppose 0 = 4*q - 4*d - 12, -4*q = -j*q - d - 8. Suppose u - 25 = 6*u, 3*u = -2*n + q. What are the prime factors of n?
2, 5
Let w = -13 + 18. Suppose 0 = r + 3*i - 15, -3*r + w*i = 2 - 103. List the prime factors of r.
3
Suppose -43 + 5 = -2*c. What are the prime factors of c?
19
Let b(p) = -3*p**3 - 4. What are the prime factors of b(-2)?
2, 5
Suppose 6*a - a = -3*h + 8, 2*a - 5*h - 28 = 0. What are the prime factors of a?
2
Let p(r) = -2*r - 6. Let c(i) = -i**3 - 5*i**2 - 3*i + 4. Let n be c(-3). What are the prime factors of p(n)?
2
Suppose 2*m - 5 = 1, 2*m + 2 = 4*z. Suppose 0 = -4*l - k + 28, -4*l + 12 = z*k + 3*k. List the prime factors of l.
2
Suppose 0*v - 60 = -4*v. Let s = v - 10. Suppose t + 20 = s*t. List the prime factors of t.
5
Suppose -5*o + 5*d + 5 = 0, -2*o - 2*d = o - 23. Suppose 3*a + 26 = o*a. What are the prime factors of a?
13
List the prime factors of (-4)/(-16) + 54/8.
7
Let b be 1*2*(5 - 4). Suppose -z = -b*n + 3*n - 22, 2*n = z - 13. List the prime factors of z.
19
Let u be 5/10*24/2. List the prime factors of (9/u)/(6/16).
2
Let l = 0 + 6. Suppose l*w = 2*w + 52. List the prime factors of w.
13
Let l be 2 + 6*(-3 - -1). Let g = l - -16. List the prime factors of 2 + (-2)/g*-3.
3
Let i = -2 - -3. Suppose -50 = -5*p - r, -3*r + 5 + i = -p. Suppose p = n - 1. What are the prime factors of n?
2, 5
Let f = 8 + -5. Suppose -5*h - 4*u + 24 = 0, -u = f*h - 6*u - 44. List the prime factors of h.
2
Suppose z - 23 = -2*b, -13 = -2*z + 4*b + 1. Suppose -5*j = z - 135. What are the prime factors of (54/8)/(9/j)?
2, 3
Suppose 2*r + r = 111. What are the prime factors of r?
37
Let n(k) = k + 10. Let w(h) = 3*h + 21. Let l(f) = -5*n(f) + 2*w(f). What are the prime factors of l(12)?
2
Let d(n) = n**2 + 2*n - 11. Let m = 3 - 9. Let b(v) = v**2 + 3*v - 10. Let t(a) = m*b(a) + 5*d(a). List the prime factors of t(-6).
17
Suppose -4*z + 8*z = -3*b - 15, 3*z - 5*b = 25. Suppose 4*u + 24 = -z. Let d = 10 + u. What are the prime factors of d?
2
Let r(p) = -2*p + 20. Let a be r(9). What are the prime factors of (a/4)/((-17)/(-1666))?
7
Let r = 1 - 3. Suppose 4*y = -k + 24, 5*k - 12 = -3*y + y. What are the prime factors of (-1*1)/(r/y)?
3
Suppose -5*s = -13*s + 1240. List the prime factors of s.
5, 31
Let p = -45 + 21. Suppose 128 + 12 = 3*v + 4*a, -210 = -5*v - 2*a. Let y = v + p. What are the prime factors of y?
2
Let d = 846 + -560. What are the prime factors of d?
2, 11, 13
Let k(w) = 3*w. Let z be k(1). What are the prime factors of z*(-4)/18*-12?
2
Let u be -2*(-3 + (-31)/2). Suppose -2*v + u = -v. List the prime factors of v.
37
Suppose 7*b = 4*b + 81. What are the prime factors of b?
3
What are the prime factors of 64/40*15/3?
2
Let n = -22 - -32. What are the prime factors of n?
2, 5
Let m = 15 - 12. Suppose 67 = 3*x - k - k, 4*k = -m*x + 73. What are the prime factors of x?
23
Let k = 401 + -245. List the prime factors of k.
2, 3, 13
Let k(q) = -16*q - 2. List the prime factors of k(-1).
2, 7
Suppose -75 + 20 = -11*f. List the prime factors of f.
5
Let d(c) = c**2 - 6*c + 6. List the prime factors of d(9).
3, 11
Let l(h) = 0*h + 0 - h + 4. Let c be l(-9). Let o = -1 + c. What are the prime factors of o?
2, 3
Let d(s) = 22*s. Let f be d(-1). What are the prime factors of 6*(f/(-6) - 3)?
2
Let a(m) = -m + 4. Let u be a(7). Let k be (-1)/(0 + 1/u). Let s(o) = -o**2 + 7*o - 3. What are the prime factors of s(k)?
3
Let q = 7 - 6. Suppose -40 = -0*h + 4*h. Let g = q - h. What are the prime factors of g?
11
Let o(k) = k**3 + 9*k**2 - 7*k - 11. What are the prime factors of o(-7)?
2, 17
Suppose -3*z + 2*z - 36 = -3*f, 0 = -4*f - z + 41. Suppose 3*d = -3*a + 1 - 13, -a = -2*d - f. List the prime factors of (5 - a) + -1 + -1.
2
Let p(n) = -6*n + 1. Let y(a) = a. Let o(h) = p(h) + 2*y(h). What are the prime factors of o(-2)?
3
Let a(l) = -l**3 - 4*l**2 + l + 7. Let b be a(-5). Suppose -4*x = -6*x - 3*i + 19, 3*x + 4*i = b. Let p = 1 + x. What are the prime factors of p?
2, 3
Suppose 0 = 3*h - 5*p + 1, p - 2*p = 2*h + 5. What are the prime factors of h/(-6)*3 + 3?
2
Suppose 163 = 3*b - 8*b - 4*a, 2*b = -2*a - 66. Let w = b - -48. What are the prime factors of w?
17
Suppose 7*z - 1401 = 902. List the prime factors of z.
7, 47
Let u(i) = i**2 - 5*i + 3. Let r be u(4). Let z be r*2 - (-256)/4. Suppose -14 = 3*a - z. List the prime factors of a.
2
Let v be ((-3)/(-2))/(9/42). Suppose -q + 8 = -5*t, 3*q = t - v + 3. What are the prime factors of (-28)/(-2) + q/(-1)?
2
Suppose -3*g + 3*y + 141 = 0, -5*g + 4*y + 65 + 171 = 0. Suppose 17 = -5*p - z + g, -2*p = z - 10. List the prime factors of p.
7
Let l = 24 - -17. Let w be (-2)/3 + l/3. Let g = w + -8. List the prime factors of g.
5
Suppose 2*f = -5*j + 7, -f = -3*j + 3 - 1. What are the prime factors of (0 + (2 - j))*2?
2
Suppose q = 2*k + 40, 4*q + k = -k + 180. Let t = -14 + q. What are the prime factors of t?
2, 3, 5
Let j(t) = t**3 - t**2 - t + 11. Suppose 0*p = -p. List the prime factors of j(p).
11
List the prime factors of (1*(-2 + 1))/(6/(-474)).
79
Let d = -13 - -25. What are the prime factors of d?
2, 3
Let n(w) = w**3 - 2. Let u be n(3). Suppose 5*r = -3*j + u, 3*r + 2*r + j = 25. Suppose -6 = c + 3*d - 3, r*c - 42 = 4*d. What are the prime factors of c?
2, 3
Let p = -10 + 15. Suppose -p*y + 4*d = -62, 4*d = -3*y + 11 + 7. Suppose r + g = -1, -4*g = -2*r + 18 + y. What are the prime factors of r?
2
Let w be ((-2)/(-4))/((-1)/(-36)). Let h = -20 - -22. Suppose 2*s + 0*m - 2*m = w, -h*m = -2. What are the prime factors of s?
2, 5
Suppose -4*q = -x - 6*q + 75, x - 4*q - 57 = 0. List the prime factors of x.
3, 23
Let p(b) = b + 8. Let j be p(-8). Suppose j = -2*c + 6*c + 5*q - 41, c - q - 